 w is divided by 31?
16
Let d be (12/(-15))/(1/(-5)). Suppose -w - 48 = -h + 42, d*w = -3*h + 277. Calculate the remainder when h is divided by 9/(-10)*-26 - 60/150.
22
Suppose -3*f + 11 = 2. Suppose -152 = 4*l - 0*m - 4*m, 12 = -4*m. Let c = -38 - l. Calculate the remainder when c is divided by f.
0
Suppose -v + 595 - 115 = 0. What is the remainder when v is divided by 97?
92
Let r(l) = 23*l + 31. Let c(f) = 11*f + 15. Let w(g) = 13*c(g) - 6*r(g). Let n be w(-7). Calculate the remainder when 9 is divided by n/(-6) - 1/3.
1
Let f(z) = 29*z - 5. What is the remainder when f(2) is divided by 28?
25
Let q = 21986 + -21955. Let l(u) = -3*u - 4. Calculate the remainder when q is divided by l(-5).
9
What is the remainder when 96 is divided by (-20)/70 - 3/(21/(-352))?
46
Suppose 5*s - 7 - 4 = 3*t, -3*s - 5 = 4*t. Let n = s - -15. Calculate the remainder when 63 is divided by n.
15
Let d be (6/4)/(1/2). Suppose -d*v = -2*l - 121, 0 = -3*v - 0*v - 4*l + 127. Calculate the remainder when v is divided by 11.
8
Let q = -32 + 25. Let s(v) = -v**3 - 3*v**2 - 3. Let g be s(-4). Let u = g + q. Calculate the remainder when 17 is divided by u.
5
Let b(c) = 2*c**2 - 4*c - 13. Suppose -3*l + 9*l - 204 = 0. Let z be l/6 - (-6)/18. What is the remainder when b(z) is divided by 9?
8
Let s = -8 - -13. Suppose 10 = -3*c - s*i, -10 = 2*i - 0*i. What is the remainder when 5/(-6) - (-287)/42 is divided by c?
1
Let r be (-4)/10 - 17/(-5). Suppose 4*l = -2*v + 382, 3*l - 2*v - 254 = r*v. Let h = -65 + l. Calculate the remainder when h is divided by 15.
13
Let l be (-67)/(-13) - (-20)/(-130). Suppose -3*t = 6*u - 5*u - 34, 3*t = -l*u + 194. Suppose b - u = -b. Calculate the remainder when b is divided by 11.
9
Let l(y) = -240*y - 136. Let u(f) = 37*f + 21. Let p(w) = 5*l(w) + 32*u(w). What is the remainder when p(-6) is divided by 18?
16
Suppose 24*p = 23*p + 2. Calculate the remainder when (-80)/(-2 + 2/p) is divided by 28.
24
Let w be (82 - 21)/((-2)/4). Let k = -116 - w. Suppose 4*x = -5*h + 36, -x - 5*h = -6 - 3. Calculate the remainder when x is divided by k.
3
Let f be 10/(-35) - 111/(-21). Let h(r) = r**3 + 4*r**2 + r + 1. Let s be h(-2). Suppose -38 = -f*a + s. What is the remainder when 15 is divided by a?
6
Suppose -c = -4*x - 20 - 15, 5*x + 55 = 2*c. What is the remainder when (4 - 5)/((-1)/29) is divided by c?
14
Let n = -863 + 962. Let d(j) = j**3 - 5*j**2 - 2*j - 7. What is the remainder when n is divided by d(6)?
14
Suppose 155 = 10*t + 45. Suppose -t*a - 105 = -18*a. Suppose h - w = 9, -1 = w + 4. Calculate the remainder when a is divided by h.
3
What is the remainder when 114 is divided by ((-341)/(-165)*-6)/(4/(-10))?
21
Suppose -4*j + 1628 = -0*u + u, -4*j + 1648 = -4*u. Calculate the remainder when j is divided by 41.
39
Let z(v) = v**2 - 2*v - 4. Let r be z(4). Calculate the remainder when 4/(-6) - 164/(-3) is divided by (r/(-5))/((-4)/(-300)*-3).
14
Let t(a) = a**3 - 4*a**2 + 2. Let g be t(4). Suppose 0 = -g*y + 44 + 64. Calculate the remainder when y is divided by 28.
26
Suppose -3*q = -10 + 4. Let y(n) = 9*n - 9 - 5*n**q + 3*n**3 - 3*n**3 + n**3 + 16*n**2. Calculate the remainder when 2 is divided by y(-10).
0
Let c be (-1 - 20)/((-27)/18). Suppose -2*v + 62 = -v. Calculate the remainder when v is divided by (c - 5 - -3) + 0 + 1.
10
Let m(n) = n**2 - 2*n + 20. Let d be m(0). Suppose 21*f - d*f - 37 = 0. What is the remainder when f is divided by ((-4)/(-3))/((-2)/(-15))?
7
Let g(f) = 2*f + 3*f - 6*f**2 - 2*f**3 + 3*f**3 + 2. Suppose 5*q - 17 = 8. What is the remainder when 5 is divided by g(q)?
1
Suppose 320*q - 313*q - 1295 = 0. Calculate the remainder when q is divided by 63.
59
Let d be (-32)/(1 - -1) - 0. Let j = d + 33. Suppose -5*t + j + 53 = 0. What is the remainder when 41 is divided by t?
13
Let n = 712 + -697. What is the remainder when 88 is divided by n?
13
Suppose 33 = 5*g - 3*b - 96, -87 = -3*g + 5*b. Suppose 3*c + 4*s - g = 0, 5*s = -c + s + 16. Calculate the remainder when 4 is divided by c.
0
Suppose x - 27 = -2*x. Let p be 3/3 + 5 + -5. Let w = p + x. What is the remainder when 28 is divided by w?
8
Suppose 3*o - a + 283 - 719 = 0, 1 = -a. Suppose -5*q = 78 - 263. Calculate the remainder when o is divided by q.
34
Suppose 2*x - 214 = -12*d + 10*d, x = -2*d + 109. What is the remainder when x is divided by 36?
33
Suppose -4*m + 6 = -10. Suppose -4*p = -3*i - 12 + 1, -p = 3*i + 1. Let t(x) = 9*x**2 - 2*x - 1. Calculate the remainder when t(i) is divided by m.
2
Let g = 136 + -126. Calculate the remainder when 2/6 + (-220)/(-6) is divided by g.
7
Let a = 1274 + -1260. Suppose 0 = 5*b + 112 - 307. What is the remainder when b is divided by a?
11
What is the remainder when 1*(-3 - -4)*(97 + 1) is divided by 10?
8
What is the remainder when -10 - (0 + -2) - -343 is divided by 84?
83
Let x(r) be the first derivative of 9*r**2/2 - 48*r - 43. Suppose m = -5*n + 201, -m = 2*n - 3*n + 45. Calculate the remainder when n is divided by x(7).
11
What is the remainder when (2/3)/(5*4/3270) is divided by 22?
21
Let z(d) = -d**3 - 16*d**2 + 132*d + 32. Calculate the remainder when 88 is divided by z(-22).
24
Suppose -2*x + 104 = -3*c, 2*c = 4*c + 8. Let h = -9 - -21. Calculate the remainder when x is divided by h.
10
Let w be 274/4 - (-3)/6. Suppose -w = -2*r - 3*r + 4*c, 5*c + 31 = 2*r. Calculate the remainder when 482/10 + (-36)/(-45) is divided by r.
10
Suppose -191 + 121 = -7*i. Let y = -15 - -19. Calculate the remainder when i is divided by y.
2
Let h(o) = 2*o - 13. Suppose -6 = -v + 3. Let c be h(v). Suppose -x - 14 = -3*r + 51, -119 = -c*r - x. Calculate the remainder when 89 is divided by r.
20
Let l = -9 - 10. Let j = -19 - l. Suppose 4*s - 104 = -j*s. Calculate the remainder when 102 is divided by s.
24
Let v = -465 + 495. What is the remainder when v is divided by 19?
11
Let w = 8 - -72. Let s = 100 - w. What is the remainder when s is divided by 15?
5
Let v = 8 + -6. Suppose 2 + 3 = f. Suppose v*x - 56 = -f*d, 4*d + 5*x - 46 = -8. Calculate the remainder when 35 is divided by d.
11
Let z = -205 + 368. Calculate the remainder when z is divided by 36.
19
Suppose -9*a = -885 + 165. What is the remainder when 235 is divided by a?
75
Let d(v) = 2*v**3 + 14*v**2 - 3. Let w be d(-7). Calculate the remainder when 6 is divided by (-6)/w - (-2)/(4 + -3).
2
Suppose -5*t + 5*s = -80, -11*t + 16*t + 5*s - 80 = 0. What is the remainder when 57 is divided by t?
9
Let o = 288 - 259. What is the remainder when 98 is divided by o?
11
Let x(d) = 3*d**3 + 31*d**2 - 19*d - 10. Calculate the remainder when x(-10) is divided by 47.
45
Suppose 10*w - 4*w = 1338. What is the remainder when w is divided by 9?
7
Suppose -69*p + 497 = -62*p. Calculate the remainder when 185 is divided by p.
43
Let r be ((-3)/2)/(12/16). Let j = 4 - r. What is the remainder when j is divided by (-783)/348*8/3 - -10?
2
Let n(q) = q**2 - 48*q - 332. Calculate the remainder when n(-9) is divided by 36.
1
Let u = -3 + -4. Let y = u + 10. Calculate the remainder when (13 + (y - 3))/1 is divided by 4.
1
Let a be (-3)/(1 + 32/(-31)). Let y = a - 1. Let t(d) = -195*d + 811. What is the remainder when y is divided by t(4)?
30
Let a(f) = -11*f + 1. Calculate the remainder when 200 is divided by a(-3).
30
Suppose 2*h = 5*s - 479, -s = 2*s - 5*h - 276. Let j = s + 12. What is the remainder when j is divided by 28?
25
Suppose 4*g - 4*t = 4, 3*t + 30 = -5*g + t. Let v(a) be the first derivative of 4*a**3/3 + a**2/2 - 5*a + 3. What is the remainder when v(g) is divided by 19?
17
Let k(p) = -p**3 + 7*p**2 + p + 8. Let s be k(6). Let v = 14 + s. Calculate the remainder when v is divided by 11.
9
Let b(d) = -d**3 - 18*d**2 - 65*d - 8. What is the remainder when b(-15) is divided by 59?
56
Let v(b) = b + 9. Calculate the remainder when 15/((-150)/20) + 17 is divided by v(0).
6
Let j = -61 + 86. Let q = j - 21. Let s(m) = m**2 + 3*m + 3. Calculate the remainder when s(-5) is divided by q.
1
Suppose 4*b - 3*b + 150 = 0. What is the remainder when 25 + 3 + -2 + -1 is divided by 6/(-2) + b/(-15)?
4
Let f = -178 + 371. Calculate the remainder when f is divided by 5.
3
Let j(h) = -2*h**2 - 61*h + 64. Calculate the remainder when j(-26) is divided by 13.
12
Let y(f) = -2 - 3 - 22*f + 19*f. Calculate the